he remainder when f(-16) is divided by 623.
11
Suppose -18 = 3*s, -3*x + 0*x + 5*s = -198. What is the remainder when 112 is divided by x?
0
Suppose -64 + 184 = 8*z. Calculate the remainder when 1315 is divided by z.
10
Let k(x) = 12*x - 48. Let b be k(4). Suppose 2*q + 3*i = -q + 90, b = -3*q + 3*i + 96. Calculate the remainder when 86 is divided by q.
24
Suppose -2*f + 5*y = -350, 579 = 3*f - 38*y + 44*y. Calculate the remainder when f is divided by 170.
15
Suppose -4055 = -13*a + 6*a + 7908. What is the remainder when a is divided by 22?
15
What is the remainder when ((-2)/9 - (-1058898)/4185)*10/4 is divided by 626?
6
Suppose -139 = -147*d - 295*d + 1187. What is the remainder when (93 - 0) + (-10)/5 is divided by d?
1
Suppose -2*q + 75 = 4*c - 45, -2*c - 3*q + 52 = 0. Suppose c = 2*x - 24. What is the remainder when 108 is divided by x?
24
Let x be (-34)/(-7)*((1 - -5) + 1). Let k(b) = -b**2 + 39*b - 87. What is the remainder when k(x) is divided by 35/2 + 1/(-2)?
15
Let z be -1 + (-20)/(-28) + 80/(-14). Let u = z + 18. Calculate the remainder when 35 is divided by u.
11
Suppose 10 = 5*w, -11*w + 16*w + 345 = 5*z. Calculate the remainder when 280 is divided by z.
67
Let k be (6/(-5))/(3/(-10)). Suppose 0 = 8*n + 24*n + 352. Calculate the remainder when 5 is divided by n + 11 - (k + -1) - -6.
2
Let g(t) = -2*t**3 + 47*t**2 - 142*t + 63. Calculate the remainder when g(20) is divided by 12.
11
Suppose -4*a = 4*a - 528. Let n(r) = r**3 + 11*r**2 + 10*r + 6. Let u be n(-4). Let d = u - a. Calculate the remainder when 104 is divided by d.
8
Let u(t) = -t**3 + 18*t**2 + 18*t + 17. Let r be u(19). Let p = r + 7. Let i = -95 - -102. What is the remainder when i is divided by p?
2
Suppose -v + 5*q = -260, -4*v - 4*q + 0*q + 968 = 0. Calculate the remainder when v is divided by 44.
25
Let a(j) = -2*j - 3. Let l(x) = -x**2 - 11*x - 19. Let b be l(-3). Let p(s) = 9*s + 5. Calculate the remainder when p(b) is divided by a(-6).
5
Let l = 651 + -661. Let k(r) = -r**2 - 17*r - 41. What is the remainder when 200 is divided by k(l)?
26
Let u = -4 + 9. Suppose 61*x - 11242 = -25*x - 60*x. Calculate the remainder when x is divided by u.
2
Suppose 14*i - 56 = -0. Suppose 72 = 13*x - i*x. What is the remainder when 4 is divided by (-2)/x - (-315)/140?
0
Suppose 14*y - 280 = 9*y. Let c = 53 - 24. Let q = y - c. Calculate the remainder when 132 is divided by q.
24
Suppose -r - 15 = -3*m + 1, 0 = -5*m - 4*r + 4. Suppose 0*a + a - 34 = -g, -m*g = 3*a - 131. Calculate the remainder when 189 is divided by g.
15
Let s(w) = -3*w**2 + 105*w + 6. Calculate the remainder when 98 is divided by s(35).
2
Let h(i) = -2*i + 173. Let m be h(26). Let y = m - 95. Calculate the remainder when 2/7 + (-682)/(-14) is divided by y.
23
Let c be ((-8)/(-5))/(6/15). Let q(f) = f**3 + 3*f. Let z(h) = -164*h - 3568. What is the remainder when q(c) is divided by z(-22)?
36
Suppose 4*n - d - 339 = 0, 5*d = 1 + 4. Suppose -4*k + n = -379. Let u = 211 - k. What is the remainder when u is divided by 48?
47
Suppose 1439 = 23*q - 424. What is the remainder when 1694 is divided by q?
74
Let y(l) = 17*l - 11. Let j be y(7). Suppose 8*q - 4*q - j = 0. Suppose 0 = -m - 17 + q. What is the remainder when 28 is divided by m?
8
What is the remainder when 17927 is divided by (-17)/(-1292)*19 + 1/(4/71)?
17
Suppose -t - 4*v = -126, 0 = -5*t + 3*v + 662 - 124. Let x = 138 - t. Suppose -x*c - 339 = -31*c. What is the remainder when c is divided by 39?
35
Let y = -37 - -40. Suppose 3*a = -3*u + y, u + 11*a = 16*a + 13. Calculate the remainder when 301 is divided by u.
1
What is the remainder when (-2984)/(-12) - (112/(-21) + 6) is divided by 15?
8
Calculate the remainder when (-386)/(-3) - 1/(-3) is divided by 132/1188 + (4 - (-1222)/18).
57
Suppose 4*z - i = 93, 51 - 3 = 2*z - 2*i. Calculate the remainder when 377 is divided by z.
9
Suppose -2724*f - 2439 = -2733*f. Calculate the remainder when f is divided by 127.
17
Let o = 1575 - 1547. What is the remainder when 95 is divided by o?
11
Suppose 23*n = -20*n + 20*n + 7061. Calculate the remainder when n is divided by 59.
12
Suppose 0 = 3*i - 6*i. Suppose i = 6*l + 16*l - 902. What is the remainder when l is divided by 7?
6
Suppose 0 = 2*h - 15 + 107. Let o = -26 - h. Suppose -175 = -5*q + 2*u, 5*q = -5*u + 95 + 115. Calculate the remainder when q is divided by o.
17
Let j = -2770 - -3043. Calculate the remainder when j is divided by 82.
27
Suppose -y - v - 10 = 14, -2*v = 4. Suppose -5*f + o + 131 + 109 = 0, 0 = -4*f + o + 192. Let k = y + f. What is the remainder when k is divided by 9?
8
Suppose -5 = -n, -f - 24*n + 22*n + 49 = 0. Suppose -4*z = 16, p + 2*z = 5*z + 13. Calculate the remainder when ((-3)/2)/(p/(-102)) is divided by f.
36
Let j = 374 + -179. Let o = j - 178. Calculate the remainder when 237 is divided by o.
16
Let n be (-1)/((-6)/(-28))*3. Calculate the remainder when 43 is divided by (n/(-21))/((-1)/(-12)).
3
Suppose -3*j + 9 = f + 1, -j = f. Let n = -1414 - -1457. What is the remainder when n is divided by j?
3
Suppose -3102 = 6*a - 3222. Calculate the remainder when 10158 is divided by a.
18
Suppose 40*j - 1710 = -50*j - 5*j. What is the remainder when ((-3)/9)/((-5)/3405) is divided by j?
11
Let m(l) = 3*l - 11*l + 7*l + 1 + 3*l**3 + 3. Let o be m(0). Suppose 0 = 2*x - 3*q + o*q - 18, 2*q - 8 = 0. What is the remainder when 25 is divided by x?
4
Let a = 78 - 21. Let t(n) = n**3 + 6*n**2 - 19*n - 6. Let i be t(-8). Let h = a - i. Calculate the remainder when h is divided by 6.
3
Let m(h) = -765*h + 172 - 178 - h**2 + 786*h. Let b be 1/(2/2) + 16. What is the remainder when m(b) is divided by 7?
6
Suppose 10671 - 45375 = -197*l + 2332. Calculate the remainder when 1668 is divided by l.
164
Let b = 839 - 529. Let u(w) = -w**2 - 7*w + 168. What is the remainder when b is divided by u(9)?
22
Let v(b) = -36*b - 281. Calculate the remainder when v(-16) is divided by 11.
9
Suppose -6 = -3*n + 3*r, 2*n - 3*r = -5*r. Let k be (-4)/1 + n + -15. Calculate the remainder when 2*(k - -3)*9/(-2) is divided by 35.
30
Let x be (446/669)/((2/36)/(-1)). Calculate the remainder when 40/x*732/(-8) is divided by 102.
101
Let m = 8248 + -7774. Calculate the remainder when m is divided by 103.
62
Let t(f) = f**2 + 13*f + 15. Let i be t(-12). Suppose -i*q + 36 + 9 = n, n = -3. What is the remainder when 9/(-6)*82/(-3) is divided by q?
9
Suppose -7*u + 4*u = 351. Let d = u - -129. Calculate the remainder when ((-1)/(-2))/(2/136) is divided by d.
10
Suppose -s - 83 = -3*t - 35, -2*t = -2*s - 36. What is the remainder when 415 is divided by t?
10
Let p(a) = a**2 - 7*a - 30. Let o be p(8). What is the remainder when 164 is divided by 1*(1 - o - (-12)/(-6))?
17
Suppose 20*s - 21*s + 5*i + 55 = 0, 5*i - 35 = -s. Let z = 1212 - 854. What is the remainder when z is divided by s?
43
Let g = -7366 + 8952. What is the remainder when g is divided by 133?
123
Suppose c - 3*k = 66, 5*c - k - 2*k = 306. Let d = c - 64. What is the remainder when 23 is divided by (-26)/d - (-9)/6?
7
Let p be ((-1)/2 + 0)*2. Suppose -22*u = -619 - 1163. What is the remainder when u is divided by p/(-4) + 55/4?
11
Let p(n) = 2*n + 21. Let w be p(10). Suppose 3*h = w + 46. Let v(q) = 2*q**2 - 11*q + 20. Calculate the remainder when h is divided by v(2).
5
Let s = -11 + 14. Suppose s*q - 3*w - 459 = 0, -3*q - 3*w + w = -434. Suppose 80*i - 90*i = -150. What is the remainder when q is divided by i?
13
Suppose -197*q + 91858 = -173895. Calculate the remainder when q is divided by 90.
89
Let l(y) = y**3 + 4*y**2 + 4*y + 3. Let o be l(-2). Let c(r) = -22 + 43 - 2*r + 8*r. What is the remainder when c(o) is divided by 28?
11
Let l(u) = 3*u**2 + 17*u - 17. Let n be l(-8). Suppose 0 = -n*t + 47*t - 168. Calculate the remainder when t is divided by 12 - (2 - 0)/(-2).
8
Let b(w) = -2*w**2 - w + 33. Let u be b(-11). Let t = u - -222. What is the remainder when 91 is divided by t?
19
Let z be 0 - ((-5 - -5) + 2). Calculate the remainder when 1 + -2 - (2 - 26) is divided by 14 - ((-28)/7)/z.
11
Let r be 15/10 - ((-903)/6 - 1). Suppose 14*w - r = 883. Calculate the remainder when w is divided by 19.
17
Let v = -18577 - -19984. Calculate the remainder when 1407 is divided by v.
0
Calculate the remainder whe